 Calculate the highest common factor of 6 and x.
6
Suppose -7*l = 256 + 129. Let t = l + 207. Suppose -69 = -4*z + 7. Calculate the greatest common divisor of z and t.
19
Let z = -23 + 23. Suppose r + 8 + 5 = z. Let x = r + 23. Calculate the highest common factor of 4 and x.
2
Let j be (195/(-15))/(2/(-374)). Suppose 2*h - j = -31. Suppose -3*n = 3*n - h. What is the highest common factor of n and 20?
20
Suppose 16 = 11*w - 17. Suppose 3*d + w*v = 84, -10*d + 126 = -6*d - 3*v. What is the greatest common divisor of d and 24?
6
Suppose -4*s - 172 + 518 = -5*m, 3*s + 4*m = 244. Suppose 0 = 41*h - 293*h + 146*h + 2544. What is the greatest common divisor of s and h?
12
Let b(p) = 7*p**2 - 4*p + 1. Let o be b(3). Suppose -3*s + 516 = -5*i + 785, 43 = i + 3*s. Calculate the greatest common divisor of i and o.
52
Suppose 3*n + 46 = -26. Let o be 2322/n - -2*1/(-8). Let k = -61 - o. What is the greatest common factor of k and 9?
9
Suppose -100*m + 98*m = -2*i + 136, 2*i + m - 148 = 0. Calculate the greatest common factor of i and 9144.
72
Let q(r) = 6*r + 7. Let f be q(4). Let a = f - 0. What is the highest common factor of a and 155?
31
Let d be (-7 + 15 + 52)/2. What is the highest common factor of d and 3525?
15
Suppose -5*v = -15, -6*v = -j - 2*v + 29. Suppose 10*i - 3*k - 205 = 5*i, i = k + j. What is the greatest common factor of 41 and i?
41
Let l be (12/78)/((-408)/(-241332)). Let m(u) = 819*u**2. Let k be m(-1). Calculate the highest common divisor of k and l.
91
Let r be ((-2655)/(-177))/(2/50). Calculate the greatest common factor of 2000 and r.
125
Suppose -21 = -5*q - 2*q. Suppose 0 = -2*p + 123 + 67. Suppose l + x - p = -q*l, -2*l - 5*x = -61. Calculate the greatest common factor of l and 138.
23
Suppose 3*s + 5*h + 33 = 0, 0 = -4*s - 4*h + 2*h - 30. Let r be 113 + 0 + (-8 - -4 - s). What is the greatest common divisor of 23 and r?
23
Let h(i) = -13*i + 95. Let q(v) = 12*v - 93. Let l(x) = -6*h(x) - 7*q(x). Let t be l(-10). Calculate the highest common divisor of 47 and t.
47
Let g be (-2)/((-2)/(-16)*-1). Suppose 107*w - 112*w - 4*r + 3416 = 0, -2*w - r + 1370 = 0. What is the highest common divisor of w and g?
16
Let n = -103 - -107. Suppose 4*c = 5*p - 106, 0*p + 50 = 3*p + c. Suppose 0 = -n*d + d + p. Calculate the greatest common factor of 42 and d.
6
Let z(q) = 6*q - 376. Let h be z(56). Let f be 3100/h*(-4)/5. Calculate the greatest common divisor of 1054 and f.
62
Let w be -113*(-2)/16 + (-134)/1072. Suppose 832 = -m + w*m. What is the greatest common divisor of 8 and m?
8
Suppose 3 = -k + 17. Suppose 18 = 5*w + 3*g - 31, 4*w = -g + 35. Suppose -w + 60 = 13*r. Calculate the highest common factor of k and r.
2
Suppose a = 27*d - 26*d - 5796, -4*d - 5*a + 23238 = 0. Calculate the greatest common divisor of d and 12.
6
Let y = 5227 - 3191. Calculate the highest common divisor of 4 and y.
4
Let h(v) = -4*v**3 - 3*v**2 + v. Let r be h(-3). Suppose 0 = r*i - 74*i - 10744. Let d be i/8 - 7/(-28). Calculate the greatest common factor of d and 42.
42
Let p = 41 - 17. Let y be -21 + -8 - -16 - -19. Let i be y*((-258)/(-28) + p/84). What is the highest common divisor of 513 and i?
57
Suppose -28*u = 2964 - 11504. Calculate the highest common factor of 122 and u.
61
Let q = -78 + 86. Let w(y) = y**2 + 11*y + 22. Let j be w(-11). Calculate the greatest common factor of j and q.
2
Let v be 1*(4 + -7) - 178*-1. Calculate the greatest common divisor of 300 and v.
25
Let a(y) = 14*y**2 + y - 4. Let c be a(-3). Suppose 33*w - 11*w - 8228 = 0. Suppose 7*g = -4*g + w. Calculate the greatest common divisor of c and g.
17
Let j(s) = -s**3 + 7*s**2 + 33*s - 179. Let r be j(4). Suppose 2*w - 1 - 21 = -4*k, 0 = 3*k - 15. What is the highest common divisor of w and r?
1
Let w = -185 + 187. Suppose 12*f - 11*f - w = 0. Calculate the greatest common factor of 2 and f.
2
Let n(t) = 298*t - 63. Let r be n(6). Calculate the highest common divisor of r and 75.
75
Let w(j) = 197*j - 10237. Let q be w(52). Suppose -4*t = 5*d - 222, -27 = -2*d + d + 5*t. Suppose -a - d = -3*a. Calculate the highest common factor of a and q.
7
Let g = 26753 - 17795. Let l be g/22 - (-6)/(-462)*14. Calculate the greatest common divisor of l and 33.
11
Let i be 5*(-4 - (-231)/55)*36. Let k be 2*1 + 0/(-3). Let a(x) = 4*x**2 - 2*x. Let l be a(k). What is the greatest common factor of i and l?
12
Let q be 1075 + (14 - (-8 - -9)). What is the highest common divisor of 64 and q?
64
Suppose -10*f = f. Suppose -a + 2*j + 3 = f, 3*a + 5*j + 19 = 39. What is the highest common factor of 1 and a?
1
Let v be -1 - -6 - (-18 + -2 + 7). Let d be 86/v - (-9 + (-553)/(-63)). Calculate the greatest common factor of d and 120.
5
Let a = 57 - 52. Suppose a*k = -2*h + 706, -18*k = -16*k + 3*h - 289. Calculate the highest common divisor of k and 28.
28
Let o be ((-2)/2*1)/(3/12). Let b be (-56)/o - (-12)/(-4). Calculate the greatest common factor of b and 286.
11
Suppose 0 = -3*w - 4*r + 185, 251 = 3*w + w + r. Let q = -67922 - -67929. What is the greatest common divisor of w and q?
7
Let a = -69 + 97. Let u(s) = -16*s - 53. Let y be u(-4). Suppose -y*f + 840 = f. What is the greatest common factor of a and f?
14
Suppose -28*i = -60188 - 9392. What is the greatest common divisor of i and 105?
35
Let v(n) = -8*n**3 + 2*n**2 - 15*n - 2. Let g be v(-8). What is the highest common factor of 52 and g?
26
Suppose 48 + 13 = v. Let c = 74 - v. Calculate the highest common factor of 2 and c.
1
Suppose 5*o - 32 = -2*r, o + 10 = 2*o + 4*r. Suppose o = -l + 33. What is the greatest common divisor of 216 and l?
27
Suppose -4*g = -6 - 14, -4*d + 3*g = -1089. Let k be (-1 + (-7)/(-2))*984/205. What is the greatest common factor of k and d?
12
Suppose -j - 15 = -90. Let f(h) = -80*h + 2045. Let x be f(25). Calculate the highest common factor of x and j.
15
Suppose -5*x + 4*z + 44 + 61 = 0, -3*x + 3*z + 60 = 0. Suppose 3*y = d - 185, 138*d - 820 = 134*d - 4*y. Calculate the highest common factor of d and x.
25
Let m(w) = -12*w + 42. Let p be m(0). Suppose -44*j = -p*j + 142. Let v = -7 - j. What is the greatest common factor of v and 96?
32
Let a be 154/4*(-144)/(-396). What is the highest common factor of a and 4942?
14
Let z = -2623 + 4429. Calculate the greatest common factor of 344 and z.
86
Let w be (0 - 1)/(19 - 20) + -1. Suppose 16*a - 15*a - 32 = w. What is the greatest common divisor of 16 and a?
16
Let h(o) = 131*o + 2. Let l(z) = -89*z + 5 - 6 - 40*z - 2*z. Let q(i) = 2*h(i) + 3*l(i). Let n be q(-1). What is the highest common factor of 33 and n?
33
Suppose -4*z - 22 = -15*z. Let m = 12 + z. What is the greatest common divisor of 224 and m?
14
Let s be 60/(-24)*(-3 + 1). Let x be 63/s - (1 - 6/15). What is the greatest common divisor of 36 and x?
12
Let h be (-324)/15*(-100)/(-6). Let c = 739 + h. Suppose -2*k - m + c - 103 = 0, -5*m - 300 = -2*k. Calculate the highest common divisor of k and 14.
14
Let q(y) = 92*y + 986. Let v be q(-10). What is the highest common divisor of v and 748?
22
Let y(h) = -184*h - 894. Let w be y(-5). Calculate the highest common divisor of 2171 and w.
13
Let s = -14134 - -14139. What is the greatest common divisor of s and 13045?
5
Let o be (-2)/(-7) + 2278/14. Suppose 4*c + 221 + 68 = -a, 5*c - 2*a = -371. Let l = c + o. What is the greatest common factor of 30 and l?
30
Let w = -8 - -43. Let r be (-1*((-24)/6 - -5))/((-4)/60). Calculate the greatest common divisor of w and r.
5
Let t(v) = v**3 - 13*v + 66. Let y be t(0). Calculate the greatest common divisor of 792 and y.
66
Suppose 1839 = 3*c + 4*w - 550, -1586 = -2*c + 4*w. Let r = 63 - 48. Calculate the highest common divisor of c and r.
15
Let o = 8640 + -8576. Calculate the greatest common divisor of o and 560.
16
Let b = 225 + -336. Let i = b - -144. Calculate the highest common factor of 9 and i.
3
Suppose -1852*a + 1871*a - 14291 = -3575. Calculate the highest common factor of 16 and a.
4
Suppose 2*l - 4*g - 9 = 1, -2*l + 12 = -5*g. Let b = 5 + -8. Let d be (b - -4) + l - -1*49. What is the highest common divisor of 255 and d?
51
Let s = 448 - 316. Suppose 5*h - 5 = q - 95, 204 = 2*q - 4*h. What is the highest common factor of s and q?
22
Suppose -233*x + 238*x - 1052 = -2*q, 0 = q + 3*x - 529. Calculate the highe